1 - (-6 + 5)?
-4
What is 0 + (-4 - -3) - 3?
-4
Calculate 1 + -6 + -1 + 138 + -126.
6
What is the value of 8 - (4 - -5 - -5)?
-6
Calculate 0 + 3 + -6 + 7.
4
Evaluate (-4 + -1 - -4) + -2 + 3.
0
What is 97 + -88 - (0 - -1)?
8
-7 + 2 - -15 - 19
-9
Calculate 6 + (-5 - (4 + -5)) + 5.
7
Evaluate 15 + -15 + -3 + 3.
0
What is the value of 5 + (-9 - -3 - -5)?
4
Calculate 1 - -1 - (34 + -37).
5
What is (-20 - -21) + (2 - 4) + 5?
4
Calculate -18 + 19 + 0 + -1 + -2.
-2
(9 - (14 - 7)) + -9
-7
2 + 2 + -1 + (1 - -2)
6
Evaluate 10 - (-3 - (3 - 15)).
1
Evaluate (-3 - (-5 - 5)) + -17 + 0.
-10
What is 1 - 5 - 1 - 0?
-5
What is the value of 1 + -5 + 2 + 9 + -10?
-3
Calculate 6 + -3 - (0 - -1).
2
-6 - (7 - (17 + -4))
0
What is 4 - (-6 - -10) - (-6 + 1)?
5
Evaluate 8 - 2 - (3 + 2 - 1).
2
What is 0 - (-9 + -6 + 2 + 8)?
5
(-5 - -3) + -1 - -4
1
What is the value of 11 + -10 + -4 + 1 + -1?
-3
What is 2 + -3 + 4 + -2?
1
What is the value of 4 + (0 - 3) + -2 + 2?
1
What is 18 + -11 + -5 + -1?
1
What is -2 + 3 - (-20 + 27)?
-6
Evaluate 14 + 10 + (-4 - 15).
5
What is the value of -7 - (1 + -4) - -7?
3
What is the value of 0 + (1 - -4) - (70 + -68)?
3
Calculate 3 + -1 - (-7 - (3 - 8)).
4
What is (1 - (4 - (-2 - -2))) + 2?
-1
Evaluate 0 + (4 + -4 - (-2 + -1)).
3
Evaluate -3 - 0 - (0 + 1).
-4
Evaluate -3 + -7 + 5 + 0.
-5
Calculate -5 - (5 + (-16 - -1)).
5
What is the value of -13 + (3 - -12) + 2 + 1?
5
What is the value of (5 - 2 - -5) + (-19 - -20)?
9
What is 3 - 8 - (0 + -2)?
-3
Calculate 1 + -4 + (-2 - -6).
1
Calculate (-2 - (-2 - 3)) + -1 + 3.
5
What is the value of -4 - ((5 - (11 - 5)) + -1)?
-2
What is 0 + (9 - 10 - (2 - 0))?
-3
What is 0 + 9 + (-36 - -24)?
-3
-3 - 1 - (-6 - -4)
-2
What is (13 - 8) + -2 + -9?
-6
What is -11 + 5 + -2 + 3?
-5
Evaluate (6 - 2) + -2 - (6 + -6).
2
Evaluate 7 + 0 + -12 + 4 + 10.
9
Evaluate (0 - 6) + 1 - -3.
-2
Calculate 1 + -8 + 14 + 0.
7
0 + 2 + (86 - 93)
-5
Calculate 0 + -4 + (0 + -4 - -11).
3
What is the value of 4 - -1 - 5 - (0 + -3)?
3
Calculate -1 + 2 - ((-4 - 0) + 1).
4
0 + -4 + (16 - 6) + -1
5
Calculate -7 + (1 - -7) - (0 - -1).
0
Calculate -2 - -10 - 5 - -1.
4
What is -1 + 5 + 0 + -1?
3
(6 - (-4 + 2)) + (-8 - -6)
6
4 + -1 - 11 - -4
-4
What is the value of 8 + (-15 - (1 + -3)) - -14?
9
7 - 2 - (2 + (-1 - 0))
4
Calculate 7 + (-6 - -12 - 7) + -1.
5
Evaluate 11 + -9 + 4 - 1.
5
Calculate (3 - (1 - 2)) + -20 + 15.
-1
Calculate -6 + (-4 - -5) + (3 - 3).
-5
Evaluate (0 - 0) + (-10 - -13) + 2.
5
Calculate -1 + 4 - (-7 + 15 - 7).
2
(5 - (3 + -1)) + -5 + -3
-5
What is 10 + (-19 - (-8 + 0))?
-1
What is the value of 10 + -7 + 2 - 8?
-3
What is the value of 6 + (15 - 11) + 0?
10
Evaluate -6 + 1 + -1 + 1.
-5
Calculate (-1 - (2 + 0)) + (15 - 12).
0
What is the value of (-3 - -4) + 0 + 2?
3
What is 0 + 9 + (1 - 9)?
1
Evaluate 2 + (-1 - (-1 - (-4 + 5))).
3
1 + (-1 - 2) + 9 + -1
6
Evaluate -3 - (3 - 2 - (8 - 7)).
-3
-7 + -1 + (-2 - -11)
1
3 - (-5 - -3) - 12
-7
Evaluate -3 + (16 - (-4 + 14)).
3
(-1 - 2) + 13 + -5 + -4
1
-10 + 14 + (-12 - -4)
-4
(2 - 3) + -4 + 3
-2
What is -3 - -5 - (5 - (2 + 1))?
0
What is the value of 2 + 3 + -2 + (12 - 14)?
1
What is the value of 6 + -1 - 11 - -5?
-1
Calculate -1 + 9 + -7 + -3.
-2
Calculate (-3 - (4 + -6)) + 0 + -3.
-4
Calculate -77 + 59 + (0 - -9).
-9
Evaluate -9 - (0 - (-7 - -6)).
-10
Evaluate (1 - (2 + 1)) + 0 - -3.
1
(-15 - -11 - -5) + 5 + 0
6
Calculate 5 + (-4 - -3) + -8.
-4
What is (-15 - -10) + 0 + 1 + 3?
-1
-3 - (6 + (-2 - 2))
-5
Calculate (2 - 6) + 18 + -16.
-2
Calculate -20 - -5 - -11 - (0 - 5).
1
What is the value of 15 - ((15 - 5) + -2)?
7
13 + -7 + (0 - 0) - 1
5
(30 - 25) + 1 + -9
-3
What is the value of -2 + (-2 - 3 - 4)?
-11
Evaluate 5 + -2 - 8 - (-18 - -13).
0
1 - ((14 - -1) + -11)
-3
What is the value of (-4 - (0 + -4)) + (-3 - -5)?
2
(-7 - -6) + 0 + 6
5
(2 - 9) + 4 + 0 + -2
-5
Calculate 4 + 3 + -7 - (4 - 1).
-3
1 + 2 + 1 - 1
3
Evaluate 6 - ((8 - 0) + -1 + 0).
-1
What is the value of -7 + -8 + 30 + -9?
6
1 - 6 - (-3 + (2 - -1))
-5
Evaluate -3 + -1 + (5 - (0 - 0)).
1
What is (7 - 2) + -2 - (26 - 23)?
0
Calculate (-8 - (-11 + 11 + -6)) + 1.
-1
Evaluate 11 + -11 - (-2 + 4).
-2
Calculate -1 - -3 - (-1 + 2).
1
Calculate -4 - (4 - (1 - -2)).
-5
Evaluate -3 - (7 - 3) - -5.
-2
-4 + 6 - 2 - (5 - 1)
-4
1 + -2 + (5 - 5)
-1
Calculate 9 + -7 - (3 + 5 + -1).
-5
Evaluate -11 + (1 - (-7 - 2)).
-1
Calculate 2 + -4 - (-1 - (-4 + 5)).
0
What is (0 - 0) + 3 - 9?
-6
What is (-23 - -23) + (-1 - 1) + -3?
-5
-13 + 5 + 12 - -4
8
Calculate 4 + -3 + 0 - 2.
-1
Evaluate -4 + (0 + 6 - 1).
1
What is the value of -1 + (-4 - -4) + -2?
-3
Calculate -14 + 18 + (-4 - -1) + 4.
5
Calculate 86 + -84 + (0 - 0 - 1).
1
What is 35 + -48 - (-1 + -20)?
8
Calculate -3 + (-2 - -6) + 1 + 4.
6
-26 + 17 + -4 + 16
3
Calculate 7 + 7 + -14 + 0 + 4.
4
(-1 - -6) + -21 + 17
1
Evaluate (10 - 6 - (-2 + 11)) + 6.
1
What is 1 + (3 - (-3 + 14 + -2))?
-5
What is the value of 1 - (3 - 3 - (-3 - -7))?
5
What is 0 + (1 + -3 + 2 - -5)?
5
-10 + (-4 - -10) + 3
-1
What is 5 - (5 - -1) - 3?
-4
Evaluate -16 - -6 - (0 + -4 + 2).
-8
What is the value of -2 + 6 - (-1 - 6 - -14)?
-3
Calculate -8 + (-1 - (-9 - -4)) - -6.
2
3 - (-2 + 6) - (4 - 0)
-5
What is the value of (1 - -2) + (-8 - 3) + 8?
0
Calculate (3 - 14) + 0 + 6 - 2.
-7
Calculate -4 - (-3 + 7 + 2 + -4).
-6
-30 + 26 + (-3 - -3)
-4
What is -4 + 8 + -5 + 2?
1
Calculate (-3 - -18) + -6 + -3.
6
-7 - (-4 + 3 + -2)
-4
Calculate 5 + -11 - (1 - 2).
-5
-2 + (0 + -3 - 0 - -1)
-4
(4 - 3) + -5 + 6 - 3
-1
Evaluate -5 - (-5 - (-1 + -1 - -1)).
-1
(5 - 0) + -1 + -6 - 1
-3
What is the value of (2 - (0 + -1)) + -2 - 0?
1
What is (1 - 3) + -2 + 1?
-3
What is -4 + (-4 - 0) + 5?
-3
What is (-1 - (-11 - -9)) + -2 + -4?
-5
What is 0 - ((-6 - -3) + 2)?
1
What is (-1 - (0 + -6)) + (-8 - -7)?
4
Evaluate 5 + (1 - 4) + -5.
-3
What is the value of (-2 - (14 + -5)) + 4?
-7
Evaluate (8 - 2) + -4 + 2.
4
What is 9 + (-1 + -4 - 3)?
1
1 - (-8 + 5) - -1 - 1
4
Calculate (12 - 4 - 2) + -12.
-6
What is the value of 14 + -8 - 8 - (-1 + -3)?
2
Calculate -5 + 1 + 10 - 7 - -4.
3
Calculate -8 + 3 - 2 - 1.
-8
Evaluate (-6 - -4) + (-8 - (-3 - 0)).
-7
13 + -4 + -7 - -2
4
-4 - (-4 + (0 - (-6 - -4)))
-2
What is 0 + (2 - -1) + -1 + -1?
1
Calculate 9 + (-8 - -3 - (-7 + 6)).
5
Calculate 4 - 10 - (-22 - -21).
-5
What is the value of 3 + 1 - (-31 - -42)?
-7
Evaluate (0 - 3) + 2 + -5 + 3.
-3
-7 + 8 - (-2 - -5)
-2
4 + -1 + -3 + 5 - 8
-3
What is (1 - (5 + -3)) + 5?
4
Calculate -2 - ((2 - 0) + -4 - 0).
0
What is (-4 - 1) + 4 + 10 + -9?
0
What is the value of 3 + -3 - -4 - -7 - 5?
6
Evaluate 12 - 8 - (2 + -1).
3
What is (3 - 5 - -2) + -3?
-3
What is the value of 0 + (0 - -1) + 681 + -686?
-4
Calculate 4 + 7 + (-1 - 3 - -1).
8
Calculate 5 - (-5 - (0 - -2 - 15)).
-3
-5 - (0 - (-3 + 0 + 12))
4
What is the value of 2 - 0 - (-2 - -5)?
-1
Calculate 6 + (9 - 3) + -16.
-4
Evaluate (4 - -17) + -31 - (-7 - 0).
-3
What is 10 + -8 - (5 + 5)?
-8
Evaluate (15 - 11) + (1 + 1 - 3).
3
What is the value of 2 - (2 + (-6 - -4))?
2
2 - -1 - (1 + 1) - -1
2
Calculate -5 + -1 - -16 - 8.
2
Calculate -4 - (6 - 3 - 11).
4
What is (5 + 0 - -1) + (140 - 139)?
7
Evaluate 3 + -2 + -3 + 4.
2
(-5 - 3) + 6 + -3
-5
6 - (2 - -2 - (-19 - -23))
6
5 + 0 + 1 + -3 + 1
4
Evaluate -8 - (6 - 3) - -2.
-9
Evaluate 0 + -2 + (8 - -5 - 8).
3
Evaluate 8 - (2 + 3 + -1).
4
Calculate 12 - (7 + 3) - (-3 + 0).
5
What is the value of -4 + 9 - 14 - -6?
-3
-2 + 11 + -22 + 7
-6
Evaluate 1 + -2 - (-21 - (-20 + -4)).
-4
Calculate 2 - ((-1 + -3 - -1) + 10).
-5
What is the value of (12 - 5) + -6 + -4 + 2?
-1
Calculate -2 + 2 + -2 - (1 - 4).
1
What is -3 + (-2 - (11 - 6 - 6))?
-4
What is -5 - (-5 - -2) - 7?
-9
Calculate -2 + (9 - 4) + -1.
2
2 + -6 - (-18 - -17)
-3
(-2 - 0 - -9) + -93 + 94
8
-3 + (4 - (5 - 5)) + -11
-10
Calculate 0 - -1 - (4 + (-7 - 0)).
4
Calculate -2 + -3 - (-3 - 3).
1
6 - (3 + 1 + (2 - 3))
3
1 + -11 + 2 + 3
-5
Calculate -1 + 1 + (9 - (-1 + 8)).
2
What is 13 - (4 - (-14 + 10))?
5
Evaluate 2 + -2 + 3 - (-7 - -5).
5
3 + 4 + 0 + (3 - 11)
-1
What is the value of 5 + (5 - 4) - 10?
-4
What is 12 + -9 - (5 + 2)?
-4
What is -3 + (-1 + 0 - (-7 + 8))?
-5
Calculate (5 - 4) + -2 - -4.
3
What is 8 + (3 - 6 - 1) - 0?
4
What is -1 - (-3 + (-2 - -2) + -1)?
3
7 - 7 - ((4 - 6) + 2)
0
(-1 - 4) + 50 + -48 - -5
2
Calculate (5 - -2 - -2)